 -4 - (1 - 2).
5
What is 4 + -8 + 11 + -6?
1
0 + 2 + -31 + 23
-6
What is the value of 2 + -2 - (-4 + 1)?
3
What is the value of (-1 + -9 - -7) + 10?
7
What is -4 + 0 - (9 - 9) - -3?
-1
What is the value of (20 - -1) + (23 - 34)?
10
(-5 - (1 + -2)) + (-28 - -33)
1
What is the value of (4 - (0 + 4)) + -2 - -5?
3
What is 7 + -3 + 0 - (12 - 10)?
2
What is the value of -68 + 67 - (2 + (-3 - 2))?
2
Evaluate 0 + -7 - ((2 - 2) + -2).
-5
Evaluate -8 - (-8 + -8) - 6.
2
What is the value of (-7 - (-3 + 0)) + 5?
1
What is -3 - 2 - (-6 - -1) - 2?
-2
Evaluate 0 - (3 - 1 - 4).
2
Calculate (-7 - -1 - -5) + (-3 - -4).
0
2 + -9 - 0 - -6
-1
What is the value of -2 + 4 + -7 - -7 - 3?
-1
Evaluate 2 + (4 - 6) + -1.
-1
Evaluate 2 + (-2 - (1 + -9)) + -2.
6
Calculate 1 + (1 - (0 + 2) - -1).
1
What is -11 + 6 + -7 - -16?
4
(-8 - (-4 - -3)) + 7
0
What is (-8 - -4) + (0 - -1) + -2?
-5
What is the value of 2 + 0 + 0 + -6?
-4
-18 + 9 - -7 - -10
8
What is 4 + -17 + 13 + 6?
6
(-1 - -4) + -1 + 1
3
What is the value of 3 - (2 + 4 + (4 - 3))?
-4
What is -8 + 1 - (-54 + 42)?
5
-27 + 23 - (2 + -10)
4
-1 + -2 - (-7 + 7)
-3
Evaluate 2 - (4 - (10 - 4)).
4
Evaluate 4 - (2 + -5 + 10).
-3
-4 + -5 + 7 - (-2 - -5)
-5
Evaluate 10 + 2 + 4 + -8.
8
Calculate -3 + 0 + (2 - -6).
5
-10 - (6 + -14) - -6
4
-6 - ((3 - (10 - 5)) + -2)
-2
What is the value of (-2 - 0) + (5 - 7) + 4?
0
Evaluate 7 - (-1 + 6 + 1).
1
Calculate 4 - (-2 + (8 - -5)).
-7
Evaluate 0 + 4 - (0 - -7).
-3
What is (4 + -3 + 2 - 4) + -1?
-2
What is the value of -8 + 13 + (-2 - 6 - -1)?
-2
Evaluate 2 + -1 + 9 + (0 - 6).
4
What is the value of 11 - 13 - -4 - (-8 - -2)?
8
Evaluate -1 + (2 - -4) + (4 - 4).
5
Evaluate 8 - 5 - (-2 + 3) - -2.
4
What is (11 - -3 - 21) + (1 - -4)?
-2
What is the value of 0 - ((0 - 0) + -5)?
5
-3 + (-45 - -42) + -1 + 1
-6
Evaluate (2 - 1) + (3 - 1) + -10.
-7
What is the value of 2 + -4 - (4 - (1 - 0))?
-5
-1 + -3 - (-1 + -1 + -4)
2
(-2 - -1) + (-11 - (0 + -8))
-4
Calculate -9 + 8 + 2 - 11.
-10
0 - (0 + -5) - 2 - 4
-1
(-8 - -3) + (13 - 5) + -4
-1
What is the value of 2 - -4 - ((-6 - -5) + -2)?
9
Calculate 2 + 0 - (0 - (-2 - -2)).
2
-3 - (5 - (1 + 14 + -1))
6
3 + (3 - 16) - -5
-5
Calculate -3 - (-1 + -1 - (-7 + 4)).
-4
What is -8 + -6 + (8 - -4)?
-2
Calculate 0 + 2 - (-6 + -1).
9
What is -2 + 1 - 0 - 0 - 3?
-4
What is the value of -1 + -3 - (-1 - 1)?
-2
Calculate -1 - (2 + -12 + 3).
6
Calculate 26 + -11 - (5 + 5).
5
Calculate (0 - ((1 - -3) + -1)) + -1.
-4
What is -7 - (-4 + 3 + -1)?
-5
Evaluate 15 + (9 - 15 - 0).
9
What is -52 - -57 - (1 + -2 + 1)?
5
What is the value of 4 + (1 - 0 - 6)?
-1
Calculate 28 - 25 - (-1 + 2).
2
Calculate 5 + (-6 - (4 + -6)).
1
Evaluate 0 - 3 - 4 - -2.
-5
Evaluate -6 + 1 + -2 + -3 + 7.
-3
What is -5 + (-1 - -5) + -4?
-5
-2 - (6 - 23) - 26
-11
What is 2 + 0 + 4 + (-3 - 6)?
-3
Calculate (8 - (7 - -4)) + 0 + -1.
-4
What is the value of (-13 - -8 - -7) + -8?
-6
Evaluate -4 + (-7 + 22 - 6) - -3.
8
What is -2 + -2 - 1 - -2?
-3
What is 10 - 1 - (-29 + 32)?
6
-14 + (0 + 12 - -5)
3
What is the value of -1 - -1 - (-24 + 9 - -18)?
-3
Evaluate -1 - (6 - (-10 - -9)).
-8
Calculate 0 + -6 - -3 - 0.
-3
Evaluate -1 - ((8 - 5) + -6).
2
What is the value of 2 - -2 - (-12 + 13) - 1?
2
Calculate 6 + -3 - (1 + 0).
2
What is the value of -22 - -17 - (-4 - -1)?
-2
What is -8 + 0 + (-1 - -7)?
-2
What is -3 - 0 - (-18 + 15) - -2?
2
What is the value of -11 + 18 + -4 + -4?
-1
Evaluate 5 + -7 + 2 - (0 - 1).
1
(2 - 4) + -7 + 8 - 3
-4
Calculate 6 - 9 - (-1 - -3).
-5
What is the value of -3 + 1 - -1 - -6?
5
Evaluate 8 + (-6 - 0 - -2).
4
Calculate 3 - (-5 + 1 + (3 - -10)).
-6
-10 - (-8 + 7 - 6)
-3
Calculate -10 + (-7 - (-13 + 6)).
-10
What is the value of (4 + 0 - 0) + (-4 - -1)?
1
Evaluate 7 + -7 + (-3 + 3 - -3).
3
(-2 - -3) + (2 - 2)
1
What is -7 + (-12 - -7) + 11?
-1
What is the value of 1 + 10 + (3 - -10 - 19)?
5
What is the value of 1 + -9 + -3 + 18?
7
What is the value of 33 + -23 + -1 + -4?
5
What is the value of (-22 - 7) + 11 + 10?
-8
12 + -8 - (2 - 1) - 1
2
What is 0 + (1 - -2) + (-1 - 3)?
-1
1 - (1 - (0 + -2))
-2
Evaluate 0 - -5 - (-22 - -20) - 4.
3
10 + (-5 - 18) + 21
8
(-12 - -5) + 3 - -8
4
Calculate -1 + -2 - (0 + -6).
3
What is the value of -4 + 0 + -1 + 0 + 0?
-5
Evaluate (-10 - 0) + 5 - 0.
-5
Evaluate -3 - (2 + -7) - -1.
3
Calculate -6 - 6 - -8 - (-4 + 1).
-1
Calculate -2 + 4 - -1 - (153 - 142).
-8
Calculate (-3 + 15 - 2) + -8.
2
What is the value of 0 - ((-3 - -2 - -6) + -9)?
4
Evaluate -12 + 21 + (1 - (-1 - -5)).
6
Calculate -10 - (-7 - (3 + 4) - -8).
-4
(1 - -3) + -7 - 1
-4
What is the value of 0 - (-7 + 2 - -2)?
3
What is the value of 7 + 6 + -1 + -5 - 2?
5
Calculate 2 + -7 + (6 - 3) + 7.
5
Calculate 17 + -19 - (-1 - 0 - -2).
-3
0 - (1 - (-1 + 3 + -1))
0
Calculate (2 + -2 - 1 - -4) + -1.
2
What is the value of 0 - ((1 - 5) + (-102 - -116))?
-10
What is the value of 14 - ((1 + -2 - -10) + -2)?
7
What is the value of (-4 - ((-12 - -7) + 8)) + 6?
-1
Evaluate -3 + 8 - (-16 - -20).
1
Calculate (-8 - 0) + 0 - (32 - 35).
-5
Evaluate (3 - 6) + 1 + -2 + 1.
-3
What is the value of -4 + 0 + 2 + 0 + 5?
3
Evaluate 7 - (3 + 1) - (1 + 2).
0
What is the value of 0 + 5 + 10 + -12?
3
What is 2 + (-5 + 6 - -2 - 8)?
-3
What is (18 - -2 - 8) + -6?
6
Evaluate 2 - (11 - 5) - (1 + -5).
0
Evaluate -6 + 5 + 4 - (4 - 1).
0
2 + (-2 - (3 - 1) - 3)
-5
-4 + 12 + -3 + 1
6
Evaluate 10 - (6 - 2 - -1).
5
-1 - (2 - 6 - 0)
3
Evaluate 10 + (-4 - -5 - 7).
4
What is the value of 4 - (0 + (-1 - -10))?
-5
Calculate 14 + (-9 - 1) + 1.
5
Evaluate (-3 - (2 + -3)) + -2.
-4
What is the value of 1 - 7 - -2 - -7?
3
Evaluate 2 - 12 - -9 - (-2 - 1).
2
-4 + 0 + 7 - 0
3
Calculate -5 + 2 + (4 - 1).
0
Evaluate (-9 - -6) + 2 - (1 - 3).
1
What is -11 - (-8 + -3) - 3?
-3
What is the value of -2 + (-4 - -8) - 1?
1
Evaluate (0 + -5 - -7) + -5.
-3
What is 6 - (2 - -3) - -4 - 3?
2
What is the value of -19 - (-2 - (-12 + 22))?
-7
What is the value of -1 + -2 - 1 - (32 - 37)?
1
Calculate -6 + -2 + 0 + 1 - -2.
-5
Calculate -5 + (3 + 1 - 0).
-1
What is 0 + -6 + (3 - (-3 + 5))?
-5
What is the value of -13 - (-2 + 2 + -10)?
-3
Evaluate (-11 - -13) + -7 - (2 - 14).
7
What is -2 + 5 - 1 - -1?
3
Evaluate -8 + 4 + (-5 - -11).
2
What is the value of 7 + -5 + (-9 - -3)?
-4
1 - (-2 - (-2 + -2))
-1
What is the value of (5 - 2 - -1) + -10 - -1?
-5
Evaluate (3 - (-3 + 9)) + 3.
0
What is (-1 - -2) + (-5 - (4 + -5))?
-3
-1 + 1 + -3 + -8 - -6
-5
What is the value of (0 - (11 + -3)) + 10?
2
Evaluate -9 + 19 - (1 + 16).
-7
4 + (1 + -12 - -3)
-4
What is -13 + 20 - (8 - 3)?
2
Calculate 10 + (-10 - 0) + -1.
-1
What is -1 + -1 + -2 + (0 - 1)?
-5
Evaluate 0 - 6 - (-15 + 11).
-2
What is 1 + 6 + -1 + -12?
-6
What is the value of 0 - (3 + (-2 - -1) + -1)?
-1
Calculate 3 - (-8 + (7 + -4 - -2)).
6
What is the value of 4 + (-2 - (-3 + 7))?
-2
What is 16 + -20 - 2 - (0 - 1)?
-5
What is -2 + 0 + (6 - (11 + -2))?
-5
Evaluate -2 + -5 + 19 + -4.
8
What is the value of 1 + 2 + 5 + -9?
-1
Evaluate 3 + -3 - (1 + 1 - 7).
5
What is -8 + 12 + 0 - (1 + 2)?
1
Calculate 8 + 0 + -3 + -3.
2
-2 - -4 - (-16 - -13) - 10
-5
1 + (3 - -5) + (-5 - -1)
5
(-2 - -2) + (1 - 1) + -5
-5
Calculate 5 + 3 + -3 + -2.
3
What is (-17 - -12) + (-3 - -10) + -6?
-4
7 + (-10 + 15 - (2 + 11))
-1
-4 + (-5 - -8) + 4
3
-2 - (-1 + -2 - (-4 - 2))
-5
What is the value of 4 - (-1 + 8) - -1?
-2
What is the value of (17 - (-10 - -23)) + 6?
10
Calculate (-1 - 0 - -3) + (25 - 31).
-4
Evaluate 0 + (1 - (0 + 2)).
-1
What is (-9 - -5) + 12 + -2 + -2?
4
Evaluate -5 - ((-3 - 2) + (3 - 1)).
-2
What is the value of 3 - 1 - (-3 - -4 - -3)?
-2
What is -8 + (3 - 5 - -7)?
-3
-6 + 11 + -11 - -3
-3
-13 - -13 - (-1 + 7 + -3)
-3
Evaluate (14 - (-6 + 13)) + -7.
0
Evaluate 32 - 29 - (7 + 1).
-5
(12 - 4) + 0 - (3 - -2)
3
-4 + (3 - 0) + (4 - 6)
-3
Calculate 9 - (-1 + -2 + 3 - -4).
5
Calculate -13 - (3 + -7 + -4).
-5
What is the value of (-1 + -3 - 3) + 8?
1
What is the value of (45 - 33) + (-7 - (1 - 2))?
6
Evaluate 8 - (-7 + (24 - (-4 + 8))).
-5
4 + (-9 - (5 - 9))
-1
What is the value of 2 - 0 - (-36 + 36)?
2
Evaluate 1 + 1 + -6 - (-5 - -2).
-1
3 + -6 - -4 - 5
-4
-4 + -1 + 6 + (-2 - -5)
4
(5 + -1 - 10) + 5
-1
What is the value of -211 + 205 + (0 + 1 - -13)?
8
(14 - 8) + -7 + 5
4
What is the value of -6 + -3 + (7 - -2)?
0
Evaluate -42 - -29 - (-1 +